{"id":6373,"date":"2025-08-29T13:48:31","date_gmt":"2025-08-29T11:48:31","guid":{"rendered":"https:\/\/myevent.bz.it\/produkte\/corso-di-cucina-sul-menu-di-natale-piatti-invernali\/"},"modified":"2025-11-04T16:50:38","modified_gmt":"2025-11-04T15:50:38","slug":"corso-di-cucina-sul-menu-di-natale-piatti-invernali","status":"publish","type":"product","link":"https:\/\/eventrix.events\/it\/prodotto\/corso-di-cucina-sul-menu-di-natale-piatti-invernali\/","title":{"rendered":"Corso di cucina sul menu di Natale &#8211; Piatti invernali"},"content":{"rendered":"\r\n<h3 class=\"wp-block-heading\"><strong>Corso di cucina: ripensare i piatti di Natale &#8211; a Condito Bolzano<\/strong><\/h3>\r\n\r\n\r\n\r\n<p>Festoso, creativo e regionale: questo corso di cucina al Condito Bolzano \u00e8 incentrato su piatti natalizi moderni con radici tradizionali. Insieme svilupperemo un menu a pi\u00f9 portate che porter\u00e0 nel tuo piatto allegria e nuove idee.<\/p>\r\n\r\n\r\n\r\n<p>Il corso \u00e8 rivolto a tutti coloro che vogliono cucinare qualcosa di speciale per le feste: Piatti con carattere, sapori sorprendenti e un tocco di eleganza, ma sempre facili da preparare e adatti all&#8217;uso domestico. Che si tratti di un antipasto sofisticato, di un&#8217;alternativa vegetariana o di un classico arrosto rivisitato, ce n&#8217;\u00e8 per tutti i gusti.<\/p>\r\n\r\n\r\n\r\n<p>Cuciniamo insieme in un&#8217;atmosfera rilassata, impariamo nuove tecniche e parliamo anche della pianificazione e dell&#8217;organizzazione di un banchetto di successo. Gli ingredienti utilizzati sono di provenienza locale, ove possibile. Naturalmente sono inclusi documenti di ricette e assaggi condivisi.<\/p>\r\n\r\n\r\n\r\n<p>\u2192 Assicurati subito il tuo posto e preparati al Natale con le delizie culinarie.<\/p>\r\n\r\n\r\n<style>.wp-block-kadence-advancedheading.kt-adv-heading5854_f4b25c-87, .wp-block-kadence-advancedheading.kt-adv-heading5854_f4b25c-87[data-kb-block=\"kb-adv-heading5854_f4b25c-87\"]{font-style:normal;}.wp-block-kadence-advancedheading.kt-adv-heading5854_f4b25c-87 mark.kt-highlight, .wp-block-kadence-advancedheading.kt-adv-heading5854_f4b25c-87[data-kb-block=\"kb-adv-heading5854_f4b25c-87\"] mark.kt-highlight{font-style:normal;color:#f76a0c;-webkit-box-decoration-break:clone;box-decoration-break:clone;padding-top:0px;padding-right:0px;padding-bottom:0px;padding-left:0px;}.wp-block-kadence-advancedheading.kt-adv-heading5854_f4b25c-87 img.kb-inline-image, .wp-block-kadence-advancedheading.kt-adv-heading5854_f4b25c-87[data-kb-block=\"kb-adv-heading5854_f4b25c-87\"] img.kb-inline-image{width:150px;vertical-align:baseline;}<\/style>\r\n<p class=\"kt-adv-heading5854_f4b25c-87 wp-block-kadence-advancedheading\" data-kb-block=\"kb-adv-heading5854_f4b25c-87\">Il corso include le bevande e un ricettario per 4 portate. Il corso \u00e8 tenuto in italiano, l&#8217;istruttore parla tedesco e tutte le ricette sono disponibili in tedesco.<\/p>\r\n\r\n\r\n<style>.wp-block-kadence-advancedheading.kt-adv-heading5854_7b4711-e4, .wp-block-kadence-advancedheading.kt-adv-heading5854_7b4711-e4[data-kb-block=\"kb-adv-heading5854_7b4711-e4\"]{font-style:normal;}.wp-block-kadence-advancedheading.kt-adv-heading5854_7b4711-e4 mark.kt-highlight, .wp-block-kadence-advancedheading.kt-adv-heading5854_7b4711-e4[data-kb-block=\"kb-adv-heading5854_7b4711-e4\"] mark.kt-highlight{font-style:normal;color:#f76a0c;-webkit-box-decoration-break:clone;box-decoration-break:clone;padding-top:0px;padding-right:0px;padding-bottom:0px;padding-left:0px;}.wp-block-kadence-advancedheading.kt-adv-heading5854_7b4711-e4 img.kb-inline-image, .wp-block-kadence-advancedheading.kt-adv-heading5854_7b4711-e4[data-kb-block=\"kb-adv-heading5854_7b4711-e4\"] img.kb-inline-image{width:150px;vertical-align:baseline;}<\/style>\r\n<p class=\"kt-adv-heading5854_7b4711-e4 wp-block-kadence-advancedheading\" data-kb-block=\"kb-adv-heading5854_7b4711-e4\">Nota bene: Si tratta di un corso di cucina e non di un workshop in cui tutti partecipano attivamente. La preparazione viene svolta principalmente dal responsabile del corso; i partecipanti possono assistere in alcuni casi.<\/p>\r\n","protected":false},"excerpt":{"rendered":"<p>Corso di cucina: ripensare i piatti di Natale &#8211; a Condito Bolzano Festoso, creativo e regionale: questo corso di cucina al Condito Bolzano \u00e8 incentrato su piatti natalizi moderni con radici tradizionali. Insieme svilupperemo un menu a pi\u00f9 portate che porter\u00e0 nel tuo piatto allegria e nuove idee. Il corso \u00e8 rivolto a tutti coloro&#8230;<\/p>\n","protected":false},"featured_media":5858,"comment_status":"open","ping_status":"closed","template":"","meta":{"_acf_changed":false,"wprm-recipe-roundup-name":"","wprm-recipe-roundup-description":"","_kad_blocks_custom_css":"","_kad_blocks_head_custom_js":"","_kad_blocks_body_custom_js":"","_kad_blocks_footer_custom_js":"","_kadence_starter_templates_imported_post":false,"_kad_post_transparent":"default","_kad_post_title":"","_kad_post_layout":"default","_kad_post_sidebar_id":"","_kad_post_content_style":"default","_kad_post_vertical_padding":"default","_kad_post_feature":"","_kad_post_feature_position":"","_kad_post_header":false,"_kad_post_footer":false,"_kad_post_classname":""},"product_brand":[],"product_cat":[436],"product_tag":[438,437,440],"class_list":{"0":"post-6373","1":"product","2":"type-product","3":"status-publish","4":"has-post-thumbnail","6":"product_cat-corsi","7":"product_tag-bolzano-it","8":"product_tag-corso-di-cucina","9":"product_tag-sud-tirolo","11":"first","12":"instock","13":"taxable","14":"shipping-taxable","15":"product-type-ticket-event","16":"entry","17":"content-bg","18":"loop-entry"},"acf":[],"taxonomy_info":{"product_cat":[{"value":436,"label":"Corsi"}],"product_tag":[{"value":438,"label":"bolzano"},{"value":437,"label":"corso di cucina"},{"value":440,"label":"Sud Tirolo"}]},"featured_image_src_large":["https:\/\/eventrix.events\/wp-content\/uploads\/2025\/08\/shutterstock_1888580923-1.jpg",500,334,false],"author_info":[],"comment_info":0,"_links":{"self":[{"href":"https:\/\/eventrix.events\/it\/wp-json\/wp\/v2\/product\/6373","targetHints":{"allow":["GET"]}}],"collection":[{"href":"https:\/\/eventrix.events\/it\/wp-json\/wp\/v2\/product"}],"about":[{"href":"https:\/\/eventrix.events\/it\/wp-json\/wp\/v2\/types\/product"}],"replies":[{"embeddable":true,"href":"https:\/\/eventrix.events\/it\/wp-json\/wp\/v2\/comments?post=6373"}],"wp:featuredmedia":[{"embeddable":true,"href":"https:\/\/eventrix.events\/it\/wp-json\/wp\/v2\/media\/5858"}],"wp:attachment":[{"href":"https:\/\/eventrix.events\/it\/wp-json\/wp\/v2\/media?parent=6373"}],"wp:term":[{"taxonomy":"product_brand","embeddable":true,"href":"https:\/\/eventrix.events\/it\/wp-json\/wp\/v2\/product_brand?post=6373"},{"taxonomy":"product_cat","embeddable":true,"href":"https:\/\/eventrix.events\/it\/wp-json\/wp\/v2\/product_cat?post=6373"},{"taxonomy":"product_tag","embeddable":true,"href":"https:\/\/eventrix.events\/it\/wp-json\/wp\/v2\/product_tag?post=6373"}],"curies":[{"name":"wp","href":"https:\/\/api.w.org\/{rel}","templated":true}]}}

<h3 class="wp-block-heading"><strong>Corso di cucina: ripensare i piatti di Natale &#8211; a Condito Bolzano</strong></h3>



<p>Festoso, creativo e regionale: questo corso di cucina al Condito Bolzano è incentrato su piatti natalizi moderni con radici tradizionali. Insieme svilupperemo un menu a più portate che porterà nel tuo piatto allegria e nuove idee.</p>



<p>Il corso è rivolto a tutti coloro che vogliono cucinare qualcosa di speciale per le feste: Piatti con carattere, sapori sorprendenti e un tocco di eleganza, ma sempre facili da preparare e adatti all&#8217;uso domestico. Che si tratti di un antipasto sofisticato, di un&#8217;alternativa vegetariana o di un classico arrosto rivisitato, ce n&#8217;è per tutti i gusti.</p>



<p>Cuciniamo insieme in un&#8217;atmosfera rilassata, impariamo nuove tecniche e parliamo anche della pianificazione e dell&#8217;organizzazione di un banchetto di successo. Gli ingredienti utilizzati sono di provenienza locale, ove possibile. Naturalmente sono inclusi documenti di ricette e assaggi condivisi.</p>



<p>→ Assicurati subito il tuo posto e preparati al Natale con le delizie culinarie.</p>


<style>.wp-block-kadence-advancedheading.kt-adv-heading5854_f4b25c-87, .wp-block-kadence-advancedheading.kt-adv-heading5854_f4b25c-87[data-kb-block="kb-adv-heading5854_f4b25c-87"]{font-style:normal;}.wp-block-kadence-advancedheading.kt-adv-heading5854_f4b25c-87 mark.kt-highlight, .wp-block-kadence-advancedheading.kt-adv-heading5854_f4b25c-87[data-kb-block="kb-adv-heading5854_f4b25c-87"] mark.kt-highlight{font-style:normal;color:#f76a0c;-webkit-box-decoration-break:clone;box-decoration-break:clone;padding-top:0px;padding-right:0px;padding-bottom:0px;padding-left:0px;}.wp-block-kadence-advancedheading.kt-adv-heading5854_f4b25c-87 img.kb-inline-image, .wp-block-kadence-advancedheading.kt-adv-heading5854_f4b25c-87[data-kb-block="kb-adv-heading5854_f4b25c-87"] img.kb-inline-image{width:150px;vertical-align:baseline;}</style>
<p class="kt-adv-heading5854_f4b25c-87 wp-block-kadence-advancedheading" data-kb-block="kb-adv-heading5854_f4b25c-87">Il corso include le bevande e un ricettario per 4 portate. Il corso è tenuto in italiano, l&#8217;istruttore parla tedesco e tutte le ricette sono disponibili in tedesco.</p>


<style>.wp-block-kadence-advancedheading.kt-adv-heading5854_7b4711-e4, .wp-block-kadence-advancedheading.kt-adv-heading5854_7b4711-e4[data-kb-block="kb-adv-heading5854_7b4711-e4"]{font-style:normal;}.wp-block-kadence-advancedheading.kt-adv-heading5854_7b4711-e4 mark.kt-highlight, .wp-block-kadence-advancedheading.kt-adv-heading5854_7b4711-e4[data-kb-block="kb-adv-heading5854_7b4711-e4"] mark.kt-highlight{font-style:normal;color:#f76a0c;-webkit-box-decoration-break:clone;box-decoration-break:clone;padding-top:0px;padding-right:0px;padding-bottom:0px;padding-left:0px;}.wp-block-kadence-advancedheading.kt-adv-heading5854_7b4711-e4 img.kb-inline-image, .wp-block-kadence-advancedheading.kt-adv-heading5854_7b4711-e4[data-kb-block="kb-adv-heading5854_7b4711-e4"] img.kb-inline-image{width:150px;vertical-align:baseline;}</style>
<p class="kt-adv-heading5854_7b4711-e4 wp-block-kadence-advancedheading" data-kb-block="kb-adv-heading5854_7b4711-e4">Nota bene: Si tratta di un corso di cucina e non di un workshop in cui tutti partecipano attivamente. La preparazione viene svolta principalmente dal responsabile del corso; i partecipanti possono assistere in alcuni casi.</p>

<p>Corso di cucina: ripensare i piatti di Natale &#8211; a Condito Bolzano Festoso, creativo e regionale: questo corso di cucina al Condito Bolzano è incentrato su piatti natalizi moderni con radici tradizionali. Insieme svilupperemo un menu a più portate che porterà nel tuo piatto allegria e nuove idee. Il corso è rivolto a tutti coloro&#8230;</p>
